84. Let q = t - -813. Is q a composite number?
True
Let h be 2285 + 0 - (-1 - (0 - -2)). Let n = 4507 - h. Suppose -n - 3307 = -9*u. Is u a prime number?
False
Let h(i) = 1063*i**3 - 5*i**2 - 14*i + 68. Is h(3) composite?
True
Suppose 117*q = -50*q + 203183723. Is q a composite number?
True
Let r(a) = -10*a**2 - 5*a - 10. Let k be r(-3). Let g be 51/k - 14667/5. Is (0 + -1)/(1 - g/(-2931)) a composite number?
False
Is 8236704/104 + 1/(-13) a composite number?
True
Suppose 3*l - 82 = p, 0*p - 5*l + 238 = -3*p. Let j be 30/(-6 - (-1064)/175). Let c = j + p. Is c prime?
False
Let u = 17476 - 9935. Is u composite?
False
Let v = 3 - -1. Suppose -3*z = 8*h - 6*h - 973, v*z + 2*h - 1294 = 0. Is z a composite number?
True
Let m(p) = -p**3 + 6*p**2 - 2*p - 15. Let j be m(5). Suppose 3*u = -j*u. Suppose u = g + g - q - 898, 0 = -3*g + 2*q + 1347. Is g prime?
True
Suppose -o - 373 = -5*k - 3*o, -4*k - 2*o = -298. Let p be (-3*1990/k)/(1/30). Is -1*-3*p/(-9) - -3 composite?
True
Let y(n) = 2*n**2 + 9*n - 20. Let w be y(2). Is 5*(116466/30 + w) a prime number?
True
Let f(a) = -a**2 - 6*a + 12. Let c be f(-6). Let i be (282/9)/(8/c). Let t = 586 + i. Is t a composite number?
True
Let h = -80 + 152. Suppose h*z + 1071 = 73*z. Let k = z + -484. Is k a prime number?
True
Is (3 - (-525556 + 6))*(84/(-49))/(-6) a prime number?
False
Let z be (-6)/10 - ((-39)/15 - 0). Let d be -554*(z - 6) - (2 - 2). Let m = 4139 - d. Is m a composite number?
True
Let n(b) = -49*b - 35. Let c be n(-1). Suppose -2*i - 8118 = -2*g, -12201 = 11*g - c*g - 3*i. Is g prime?
False
Let u be (4 + (-30)/12)/((-3)/(-8)). Suppose u*y = -10*y + 81746. Is y a composite number?
False
Let a = -52232 + 305175. Is a prime?
False
Let j(u) = -u + 19. Let t be j(17). Is t - (-36)/(-16) - 6356/(-16) prime?
True
Let i(k) be the first derivative of k**3/3 + 3*k**2/2 - 8*k + 15. Let b be i(-5). Suppose 3*l - 2418 = l + 2*u, l - 1205 = b*u. Is l a composite number?
False
Suppose 4*n - 523 = -g, -396 = -3*n + g - 3*g. Is (-39)/n + 295546/20 a prime number?
False
Let n(y) = -2*y**3 + 4*y**2 - 3*y + 2. Let h be n(2). Is 1172 - ((-3)/h)/(36/48) composite?
False
Let m(p) = 15872*p - 65. Is m(6) composite?
True
Let m(s) = s**3 + 10*s - 7. Let b be m(8). Let d = 77 + b. Suppose -5*v + d + 83 = 0. Is v a prime number?
True
Let x(a) be the third derivative of 23*a**5/20 - 9*a**4/8 - 71*a**3/6 + 130*a**2. Is x(-3) a prime number?
True
Suppose -188067 + 35895 = 36*m. Let x = 7660 + m. Is x a composite number?
False
Suppose 4*u - 30 = -h - 0, -3*h = 4*u - 58. Suppose -h + 86 = 9*m. Is (1002/m)/(9/24) a prime number?
False
Let o(b) = 45*b**2 - 54*b - 622. Is o(-55) a composite number?
True
Let n be 1407 - (4/18 + (-26)/117). Let f = n - -430. Is f a prime number?
False
Let r(g) = 3*g**2 - 57*g + 5. Let w be r(19). Suppose w*u - 2*u = -3*p + 4176, p + 2799 = 2*u. Is u prime?
False
Let i(j) = -6*j + 34. Let d be i(8). Let u be (-1984)/(-22) - (d/(-77) + 0). Suppose -4*t = -250 - u. Is t a prime number?
False
Let a = -509 + 489. Is 6905/a*(9 + -37) composite?
True
Let h = -224 + 144. Let r = 102 + h. Let a(n) = n**2 + 7*n + 17. Is a(r) a composite number?
True
Suppose -7*y + 3*y - p + 19 = 0, y = -5*p. Let v = y - 11. Is 3/9 + (-12928)/v a composite number?
True
Let t = 26446 + -13274. Let h = t - 1623. Is h prime?
True
Let s(k) = -4968*k**2 + 24*k - 11. Let n(l) = -9936*l**2 + 45*l - 23. Let y(w) = -6*n(w) + 11*s(w). Is y(3) composite?
False
Let t(p) = -13540*p**3 - 5*p**2 - 23*p + 1. Is t(-4) composite?
False
Suppose 5*q - 5*l = 88305, l + 17047 + 35928 = 3*q. Is q composite?
False
Let i = -1 + 3. Let f(p) = -8*p**3 + p**i + 4 + p + 1 - 3*p**3 + p**2. Is f(-3) a composite number?
False
Let f be -1 + 2722421/104 + (-2)/16. Suppose -2*i - 3*d = -13106, 9*i - f = 5*i + 3*d. Is i a composite number?
False
Let i(n) = -6*n**2 - 9*n + 2. Let v be i(-4). Let h = -56 - v. Suppose h*q - 143 = -5*s, 2*q + 350 = 7*q + 5*s. Is q a composite number?
True
Let d = 46 + -41. Suppose -13 = d*p + 7. Is (p/6)/((-12)/22662) prime?
True
Let r(h) = 315*h**2 + 28*h + 24. Is r(-11) a composite number?
False
Let u = -128 + 131. Suppose -3 + 13 = -5*p + 5*j, -18 = -p - u*j. Suppose -p*b + 5577 = 126. Is b prime?
False
Let o = -4495 + 48884. Is o a composite number?
False
Let s(i) = 5 - 16*i - 11 - 7 - 74*i**2 + 84*i**2. Is s(6) a prime number?
True
Suppose 0 = -21*r + 46 + 1844. Let v = r - -89. Let f = 308 - v. Is f a prime number?
False
Let w be (3/2)/(21/56). Suppose -2*g + h - w*h = -11, -5*h + 21 = 4*g. Suppose -g*t + 3*t = -109. Is t prime?
True
Let x(p) = 3*p**2 + 4*p + 12. Let b = 85 - 87. Let z be x(b). Suppose z*s - 2154 = 10*s. Is s composite?
False
Let g(i) = -17*i**2 + 15*i - 3. Let x be g(6). Let b = 1282 + x. Is b a prime number?
True
Suppose -3*z - 6*l = -10*l - 837323, 2*z - l - 558222 = 0. Is z prime?
False
Is 3 - (2 + 170*(-6996)/2) a composite number?
True
Suppose z = 4*z + m - 15, 0 = -2*m. Let h(o) = 43*o**2 + 5*o - 3. Is h(z) prime?
True
Let z be (7/((-280)/(-90)))/((-1)/(-4)). Suppose z*y = -21*y + 285990. Is y composite?
False
Let p(l) = -l**3 - 7*l**2 - 15*l + 3. Let x be p(-5). Let f = -25 + x. Suppose -2*v + 23 = t, -f*t + 97 = -v - 0*v. Is t composite?
False
Let c = -4803 - -2685. Let b = 876 - c. Is (b/(-12))/(1/(-2)) composite?
False
Let r(d) = d**2 + 22*d + 23. Let l be r(-19). Let s = l + 40. Suppose -h + s*h = 1105. Is h prime?
False
Let w be 1167/(-4) + (-9)/36. Let x = 812 - w. Suppose -x + 3319 = 5*m. Is m prime?
True
Suppose -g + 2*w - 5*w = -76576, -2*g = -5*w - 153119. Is g a prime number?
False
Let a(h) = 2777*h - 183. Let o be a(-4). Let j = 2816 - o. Is j composite?
False
Suppose -24*v + 25*v = -4*m - 9, -3*m + 4*v + 17 = 0. Let n(g) = -2329*g**3 - g**2 + 4*g + 5. Is n(m) a prime number?
False
Suppose -2*y - 5*y = -11571. Let l = -49 + 52. Suppose 0*t = -l*t + y. Is t a composite number?
True
Suppose 4*q + 5 = -5*r, q - 7*r = -2*r + 30. Suppose q*g = 2*g - 324. Let i = -31 - g. Is i prime?
False
Suppose -1738*j + 1681*j = -22878489. Is j composite?
True
Suppose 3*y + 0 = 3*d + 12, -3*d + 12 = 3*y. Suppose y*c - 5*l - 23776 - 10506 = 0, -25723 = -3*c - 2*l. Is c a composite number?
False
Let f be -10 + 8 - (-6 + -1). Suppose 0 = -f*r - 7*r + 28344. Is r a prime number?
False
Is (-105743)/(-2)*((-23)/(-69))/(2/12) composite?
True
Let m = 65675 + -10732. Suppose 46*i = 39*i + m. Is i composite?
True
Suppose 0 = 104*v - 88*v - 387712. Suppose -24238 = -c + 36*p - 31*p, -p = c - v. Is c prime?
False
Let q(v) be the third derivative of v**6/240 + 251*v**5/24 + 11*v**4/6 - 27*v**2. Let s(j) be the second derivative of q(j). Is s(0) a composite number?
True
Is 468/(-126) + 4 + 19391830/14 composite?
True
Let r be (-32)/(-8) - (-343 - (2 + -6)). Suppose 4505 - r = j. Is j prime?
False
Let o(v) = -2*v + 12. Let q be o(6). Suppose q = -x - 1203 + 5135. Let d = 7569 - x. Is d composite?
False
Suppose -17037267 - 13046575 = -64*k + 16794430. Is k a prime number?
False
Let s = 53563 - -104590. Is s a prime number?
False
Suppose 34 = 5*d + 3*f, 5*d - 19 - 3 = f. Suppose -5*u = d*j - 2855, 5*u + 5 = 4*u. Let y = -154 + j. Is y composite?
True
Is ((-489108)/(-24) + -12)*8/20 a composite number?
False
Suppose 3*s - 57 + 18 = 0. Suppose s*k - 4508 = -15*k. Is k composite?
True
Suppose -67774 = -5*z + 166151. Suppose 5*d = -z + 122060. Suppose 39*a - d = 34*a. Is a prime?
True
Let n be 2874390/48 + 1/(-8). Suppose 4*a + 3*o - 59881 = 0, -n = -4*a - 17*o + 16*o. Is a composite?
True
Suppose -8*k = 18815 - 26246 - 26177. Is k a prime number?
True
Let o = 440 - 439. Let y(p) = 3930*p**3 - 1188*p**3 + 0*p**2 + p**2. Is y(o) a prime number?
False
Let g = -582656 + 2180467. Is g a composite number?
True
Let v = 70 - 70. Suppose v = 5*b - b - 820. Is b prime?
False
Suppose -2*v = -4*v + 6. Let g(f) = 91*f**2 + 9*f - 15. Let d be g(v). Suppose 4*w - 2107 = -d. Is w a composite number?
True
Let c be (804 - (-4 - -7)) + -3. Suppose 4*k + g + c = 0, -k - 45 = -g + 152. Let f = 572 + k. Is f composite?
False
Let i(k) = -7212*k - 103. Is i(-11) composite?
False
Let r be (-59)/(-6) + 9 + (-318)/36. Suppose r*k = 17*k - 7609. Is k prime?
True
Suppose 3*g - 3*w - 33522 = 0, -3*g - 9529 = -w - 43045. Suppose g = -4*t + 51039. Is t a c